at is -4aa59 (base 15) in base 6?
-5040320
What is -176263 (base 10) in base 8?
-530207
Convert 1241205 (base 6) to base 8.
204145
41444004 (base 5) to base 2
1010011111001001101
-1022540 (base 8) to base 3
-111210201102
-3b25a (base 13) to base 16
-1aeb7
Convert -10733b1 (base 13) to base 12.
-1829222
Convert 1214514 (base 6) to base 14.
19754
Convert -a10a (base 15) to base 2.
-1000010011000001
Convert 7466461 (base 10) to base 13.
1715632
-33abb (base 13) to base 2
-10110111110100110
What is 436760 (base 8) in base 7?
1151235
Convert -1552415 (base 7) to base 6.
-4333235
675908 (base 14) to base 3
20121101122221
Convert 22241622 (base 8) to base 10.
4801426
-50323505 (base 6) to base 5
-331121213
-24201311 (base 5) to base 11
-144223
26ab70 (base 14) to base 3
2111212102111
What is -2222220210201 (base 3) in base 7?
-16352335
-116aaa2 (base 11) to base 8
-7606622
620c2 (base 13) to base 12
8597a
-1221211000110 (base 3) to base 13
-2a5238
1b6119 (base 13) to base 5
134330322
-1111122022111 (base 3) to base 14
-16b74a
Convert -440033 (base 10) to base 15.
-8a5a8
What is -1382886 (base 11) in base 16?
-243f8e
-10220124 (base 5) to base 11
-593a7
366dac (base 16) to base 6
204241552
Convert -2a236 (base 15) to base 6.
-2523153
What is -224425 (base 6) in base 3?
-222021222
Convert 17e56 (base 16) to base 7.
555234
What is -1824484 (base 9) in base 6?
-33511251
Convert 25dad (base 16) to base 5.
14430203
What is -64b07c (base 15) in base 6?
-250443400
12234324 (base 7) to base 4
10030312023
What is 11110100101 (base 3) in base 12?
42931
-2585004 (base 10) to base 8
-11670654
What is -24400 (base 8) in base 5?
-313441
Convert -183471 (base 9) to base 12.
-56054
-d1e3ba (base 15) to base 7
-150514543
Convert -362ca (base 16) to base 14.
-5ac1c
Convert -100222011001 (base 3) to base 14.
-51710
What is 860be (base 16) in base 11?
345570
What is -251601 (base 8) in base 10?
-86913
Convert -327200 (base 11) to base 15.
-a49e9
22211211 (base 3) to base 15
1d9d
Convert -104242114 (base 6) to base 10.
-1887454
-8380064 (base 9) to base 7
-53042533
1010001110111000100100 (base 2) to base 14
4db7a4
Convert 23447423 (base 8) to base 11.
2995871
-5a8018 (base 13) to base 9
-4051455
Convert 12020021101210 (base 3) to base 6.
135333333
What is 20cc22 (base 13) in base 5?
144133011
What is -2521503 (base 8) in base 13?
-1b5424
What is -805e2 (base 15) in base 2?
-1100011001101000001
What is -170066 (base 9) in base 13?
-38a69
1010000101000011100100 (base 2) to base 8
12050344
What is -1745315 (base 10) in base 14?
-336095
4318020 (base 9) to base 7
25452132
What is 1042332 (base 5) in base 16?
4823
Convert 136935 (base 12) to base 16.
4ecb9
What is 175135 (base 14) in base 15?
113284
What is -1034720 (base 9) in base 6?
-15515413
What is -11100011010010010100000 (base 2) in base 7?
-120206306
Convert -32a433 (base 12) to base 15.
-10db93
What is 2528ab (base 14) in base 2?
100110111010000110111
584544 (base 9) to base 4
1111231312
What is -134b16 (base 13) in base 4?
-1302022322
Convert -146602660 (base 7) to base 15.
-ced721
20413445 (base 6) to base 15
baae8
-32042244 (base 6) to base 16
-e5354
17c8540 (base 14) to base 16
b3b8ec
-2185393 (base 10) to base 6
-114501321
Convert -30123111312 (base 4) to base 6.
-153454010
Convert a5a17 (base 13) to base 7.
2351460
Convert -114521 (base 10) to base 6.
-2242105
What is 2251230 (base 6) in base 7?
661113
What is -1233241141 (base 5) in base 13?
-81b895
What is -1830232 (base 10) in base 6?
-103121144
Convert 26e7d (base 15) to base 12.
60254
What is -3189d4 (base 14) in base 2?
-110011001001000001110
What is 78986 (base 13) in base 8?
653776
What is -10020121120111 (base 3) in base 8?
-6450127
Convert -12c6d8 (base 15) to base 3.
-1200212020112
Convert 12345304 (base 6) to base 16.
62608
4b892b (base 14) to base 3
11212222021102
2104112 (base 7) to base 4
331321133
What is -15435247 (base 9) in base 6?
-433011411
-56ea (base 15) to base 12
-a811
What is 3b2b4f (base 16) in base 15?
518e41
What is 1526011 (base 7) in base 10?
208552
What is 10011001100101010101 (base 2) in base 13?
190447
Convert 3042587 (base 11) to base 9.
11104280
What is 22a003 (base 14) in base 4?
10200010103
What is 195211 (base 11) in base 5?
34042404
What is -111330312033 (base 4) in base 9?
-11740316
Convert c40e3 (base 16) to base 7.
6553143
Convert -202200022101 (base 3) to base 9.
-680271
What is 90a6 (base 15) in base 12?
15803
Convert 111101111122 (base 3) to base 16.
40571
-122121212 (base 4) to base 14
-2b59c
Convert 20337313 (base 8) to base 7.
51423521
Convert 743465 (base 8) to base 5.
30410410
What is 754a13 (base 12) in base 3?
10111012000220
5ce0d (base 15) to base 4
1020131110
What is -100101101101001011 (base 2) in base 11?
-a6043
Convert 2e531 (base 15) to base 8.
444247
Convert 1057847 (base 10) to base 12.
43021b
-d64cf (base 16) to base 3
-1122121002012
-21224432 (base 5) to base 7
-1346521
Convert -567750 (base 9) to base 16.
-53166
Convert 12d3c (base 16) to base 10.
77116
Convert -3541 (base 8) to base 14.
-98d
What is 29191c (base 13) in base 15?
14c46d
Convert -16301136 (base 7) to base 16.
-181cf5
-1087284 (base 9) to base 12
-24501a
Convert 2c2d (base 16) to base 8.
26055
10011221000 (base 3) to base 5
4001030
What is 112102011212 (base 3) in base 2?
1000101010001000000
-1223131 (base 4) to base 6
-51501
What is 100110110010101011001 (base 2) in base 15?
1a196e
4232a2 (base 12) to base 3
1221221220012
What is -21122020101 (base 3) in base 9?
-248211
57462 (base 15) to base 16
43cee
-10513041 (base 6) to base 8
-1162421
What is -c1e44d (base 16) in base 3?
-212220120120200
What is 348351 (base 9) in base 14?
564d2
What is 13bab01 (base 13) in base 10?
6278689
Convert 122130 (base 4) to base 15.
77c
What is 40019 (base 10) in base 3?
2000220012
-147c58 (base 13) to base 16
-7ace9
What is -18ef4 (base 16) in base 2?
-11000111011110100
Convert -96846 (base 12) to base 2.
-110000011000110110
-2022222212011 (base 3) to base 13
-3454ab
Convert d72ec (base 16) to base 10.
881388
-142a5 (base 12) to base 3
-1102111022
Convert 1307612 (base 10) to base 6.
44005432
What is -4342125 (base 7) in base 3?
-222222220120
10131244 (base 5) to base 13
2bc07
What is 16532c (base 13) in base 8?
2072315
113100320020 (base 4) to base 2
10111010000111000001000
2034145 (base 6) to base 10
98129
Convert -b2c6 (base 15) to base 11.
-26409
What is 12244101 (base 5) in base 4?
130331323
Convert 86523 (base 11) to base 10.
125744
What is -b497c (base 14) in base 7?
-3462315
What is -21036612 (base 7) in base 12?
-716963
Convert -2771167 (base 9) to base 14.
-2b9075
Convert 23334010 (base 6) to base 9.
1328466
Convert -3051067 (base 9) to base 10.
-1627918
Convert 41424133 (base 5) to base 13.
bcb1b
What is bfc24 (base 16) in base 11?
497130
Convert 1010010101010000100 (base 2) to base 13.
bb145
Convert 1220010232 (base 4) to base 10.
426286
Convert 30206347 (base 8) to base 6.
344153451
22419 (base 12) to base 4
23013111
d6b2 (base 14) to base 2
1001000010001100
Convert 12201222010102 (base 3) to base 13.
82a48c
-2222021220110 (base 3) to base 4
-12001311303
Convert 21422050 (base 6) to base 5.
131000221
Convert 104424202 (base 6) to base 2.
111010000000101001010
Convert 2106564 (base 9) to base 10.
1126768
-24834 (base 13) to base 4
-100123221
Convert 268ede (base 15) to base 3.
10111010122102
What is 1031001 (base 6) in base 15?
10091
What is 5411229 (base 10) in base 4?
110221012131
13434451 (base 6) to base 9
764374
-bdc0 (base 14) to base 16
-8084
1011001101010000010 (base 2) to base 8
1315202
3a288 (base 11) to base 12
29397
What is 660217 (base 8) in base 3?
102020121022
Convert 1310300220 (base 4) to base 8.
1646050
What is -411253 (base 6) in base 11?
-22647
What is -21123554 (base 8) in base 9?
-8416801
Convert 16146a (base 11) to base 14.
67576
304305200 (base 6) to base 8
24015640
What is -33010310012 (base 4) in base 10?
-3951878
What is 33401202 (base 5) in base 6?
10144435
What is -cffd1 (base 16) in base 11?
-532074
Convert -2334033 (base 6) to base 4.
-131221011
What is 110111011111001010000 (base 2) in base 11?
1032042
What is -241873 (base 10) in base 3?
-110021210021
Convert 473d32 (base 15) to base 12.
1182578
What is